at is 11 - 33?
-22
In base 6, what is -141 + -11?
-152
In base 4, what is 2223120 - -3?
2223123
In base 6, what is -4343 - 4?
-4351
In base 5, what is -1224 + -23?
-1302
In base 8, what is -2 - 37?
-41
In base 5, what is -34211 - -2?
-34204
In base 3, what is 1211 - 221?
220
In base 5, what is -2104 + -1?
-2110
In base 6, what is 41 - 1?
40
In base 4, what is 11 - 1021?
-1010
In base 2, what is -1000001 + 11?
-111110
In base 9, what is -1 + -167?
-168
In base 12, what is -5 - 36a?
-373
In base 13, what is -2ba - -9?
-2b1
In base 14, what is -195 - 42?
-1d7
In base 5, what is 3 + 11133?
11141
In base 3, what is 10122 + -1?
10121
In base 8, what is -116 - -17?
-77
In base 15, what is 0 - 3e?
-3e
In base 12, what is 7 + -4?
3
In base 13, what is 196 - -5?
19b
In base 10, what is 2043 - 1?
2042
In base 3, what is 221 - 22?
122
In base 5, what is -4 - -1142?
1133
In base 4, what is -2 - -11332?
11330
In base 9, what is 3 - -183?
186
In base 12, what is -173 + 5?
-16a
In base 16, what is 1 - a4?
-a3
In base 3, what is -12011121 + 10?
-12011111
In base 7, what is 16 + -3?
13
In base 16, what is 63 + 14?
77
In base 3, what is -1021 + -10100?
-11121
In base 11, what is 5 - -146?
150
In base 11, what is 0 - -59?
59
In base 5, what is -24031 - -3?
-24023
In base 11, what is 64 + -2?
62
In base 10, what is 1 - -133?
134
In base 5, what is 10 - 214?
-204
In base 2, what is 10101000 + -100?
10100100
In base 9, what is 17 - -38?
56
In base 14, what is bc + -12?
aa
In base 2, what is -10011 - 101?
-11000
In base 7, what is 6101 + 4?
6105
In base 2, what is -1 + -111010?
-111011
In base 12, what is 3 - 608?
-605
In base 11, what is 29a - -5?
2a4
In base 5, what is -12 + 41232?
41220
In base 14, what is -1db + -5?
-202
In base 11, what is 106a - 3?
1067
In base 5, what is -3 + 322?
314
In base 13, what is 6cc - 1?
6cb
In base 7, what is 41 + 343?
414
In base 7, what is -25561 + -5?
-25566
In base 5, what is -300022 + -4?
-300031
In base 13, what is -179 - 0?
-179
In base 16, what is 3 + -d7?
-d4
In base 15, what is 3 + -15?
-12
In base 3, what is -2 + -100002?
-100011
In base 13, what is 9 + -a63?
-a57
In base 6, what is 2 - 141?
-135
In base 16, what is -c0 + 0?
-c0
In base 3, what is -121100 - -20?
-121010
In base 16, what is -21 + e?
-13
In base 2, what is 0 - 11110?
-11110
In base 11, what is 2 - -556?
558
In base 15, what is 1 - 40e?
-40d
In base 7, what is 2 - 43?
-41
In base 12, what is 17 + -2a?
-13
In base 12, what is 8a - a?
80
In base 16, what is -12e + -2?
-130
In base 15, what is 16e + -1?
16d
In base 13, what is a + 4?
11
In base 11, what is 156a1 - -1?
156a2
In base 2, what is -10001110100 - 10?
-10001110110
In base 4, what is -310 + -1203?
-2113
In base 13, what is -3 + 6?
3
In base 9, what is 11457 - -1?
11458
In base 10, what is 47 + -7?
40
In base 16, what is -5 + 24?
1f
In base 7, what is -45 + 12?
-33
In base 9, what is 160 + -43?
116
In base 16, what is 4aa - 2?
4a8
In base 3, what is -110 - 100?
-210
In base 4, what is -3113 + -20?
-3133
In base 13, what is 8 - 0?
8
In base 15, what is -13 + -6b?
-7e
In base 16, what is -430 - 8?
-438
In base 6, what is -4 - -301?
253
In base 16, what is 0 + 40c?
40c
In base 5, what is 101 - 1?
100
In base 13, what is 3 + -29c?
-299
In base 11, what is -12 - 7?
-19
In base 10, what is -5 + 44?
39
In base 8, what is 1 - -155?
156
In base 9, what is -5 + -712?
-717
In base 11, what is 93 - -7?
9a
In base 10, what is -10 - -18?
8
In base 7, what is 1320 + 0?
1320
In base 3, what is -1022 + -1212?
-10011
In base 6, what is 10 + -2231?
-2221
In base 3, what is -111 - 2201?
-10012
In base 7, what is -5 + 62?
54
In base 5, what is -11143 - -10?
-11133
In base 13, what is 1 - 273?
-272
In base 2, what is 101011100 + 100?
101100000
In base 14, what is -25 - -1c3?
19c
In base 11, what is 69 - 2?
67
In base 12, what is -7 + -11?
-18
In base 12, what is -583a - 1?
-583b
In base 6, what is -141 - 523?
-1104
In base 8, what is 4 - 404?
-400
In base 13, what is -c + 4?
-8
In base 11, what is -2 - -1a3?
1a1
In base 12, what is -12 + -3?
-15
In base 16, what is -3e2 - -1?
-3e1
In base 10, what is 6 - -4?
10
In base 15, what is -62 - 3?
-65
In base 9, what is -527 - 3?
-531
In base 5, what is 2431 + 0?
2431
In base 8, what is 2 - -5637?
5641
In base 8, what is 35 - -356?
413
In base 10, what is -128 - 4?
-132
In base 12, what is -887 - -3?
-884
In base 12, what is 8 + 49?
55
In base 11, what is 91a - 1?
919
In base 2, what is -10001101111 - -11011?
-10001010100
In base 13, what is -1b - -117?
c9
In base 14, what is 2164 + -4?
2160
In base 4, what is -11 + -3121?
-3132
In base 10, what is -1778 + -6?
-1784
In base 4, what is 11 + 32130?
32201
In base 15, what is -9 - a0?
-a9
In base 9, what is 57321 + 0?
57321
In base 4, what is -2120031 - 0?
-2120031
In base 11, what is -6385 + -2?
-6387
In base 12, what is -3a6 + 5?
-3a1
In base 11, what is 18 - -18?
35
In base 5, what is -2010 - -12?
-1443
In base 2, what is -101110 + 110?
-101000
In base 13, what is 14c - 1?
14b
In base 4, what is 1 - -2330?
2331
In base 9, what is 5 + 151?
156
In base 15, what is 3c5 + -1?
3c4
In base 10, what is -6 - 122?
-128
In base 8, what is 1 + -211?
-210
In base 4, what is -13121 + 2?
-13113
In base 12, what is 4 + -93?
-8b
In base 13, what is -cc - -4?
-c8
In base 13, what is 2b - 2?
29
In base 6, what is 314 + 2?
320
In base 12, what is -1 - 1a?
-1b
In base 2, what is 1110011111 + 1?
1110100000
In base 5, what is 321 - -131?
1002
In base 12, what is 30 + 6?
36
In base 16, what is -1 - 50f?
-510
In base 5, what is -142034 + 10?
-142024
In base 4, what is -10 - 133113?
-133123
In base 16, what is -4c - -1?
-4b
In base 16, what is -12 + -8c?
-9e
In base 13, what is -18 + -16?
-31
In base 14, what is 38d - -3?
392
In base 13, what is -5 + 2c8?
2c3
In base 3, what is -1022 - -20?
-1002
In base 4, what is 0 + -2011?
-2011
In base 16, what is e + 81?
8f
In base 8, what is 10 - 4?
4
In base 6, what is -5 - -20?
11
In base 11, what is -5 - 115?
-11a
In base 6, what is -5 - -1043?
1034
In base 14, what is -1d + 53?
34
In base 2, what is -10111 + 1111110010?
1111011011
In base 7, what is 155 + -4?
151
In base 7, what is -4 - 1553?
-1560
In base 15, what is 83 - 3?
80
In base 5, what is -340 - -2?
-333
In base 13, what is 2 - -30c?
311
In base 7, what is 411 + 3?
414
In base 5, what is -11001 + 1?
-11000
In base 5, what is -1 - -10244?
10243
In base 2, what is -100 - -1111100?
1111000
In base 6, what is 0 - -14123?
14123
In base 10, what is 2 + 101?
103
In base 16, what is -2b - -6?
-25
In base 15, what is 20c - -2?
20e
In base 8, what is -54 + -34?
-110
In base 4, what is -20023 + 110?
-13313
In base 10, what is -6 - 25?
-31
In base 13, what is -144a - 1?
-144b
In base 14, what is -118 - 5?
-11d
In base 8, what is 2 + 7071?
7073
In base 8, what is 577 - 2?
575
In base 8, what is 43 - -4?
47
In base 5, what is 0 - 1304?
-1304
In base 13, what is -2330 + 5?
-2328
In base 5, what is 1 + -2233?
-2232
In base 16, what is -7f - -8?
-77
In base 15, what is -3 - 0?
-3
In base 13, what is bc - 4?
b8
In base 5, what is -12 + -31?
-43
In base 6, what is 34 - -3?
41
In base 16, what is -5 - 593?
-598
In base 5, what is -10 - 1?
-11
In base 9, what is 5 - 0?
5
In base 6, what is -4545 - 0?
-4545
In base 15, what is -1e2 - 1?
-1e3
In base 3, what is -1002 + 12?
-220
In base 15, what is -d5 - 3?
-d8
In base 7, what is 5 + 135?
143
In base 3, what is -20022 + 1201?
-11121
In base 5, what is 3 + -2022?
-2014
In base 4, what is -3000 + -11?
-3011
In base 6, what is -11 + -11?
-22
In base 12, what is -35 + 7?
-2a
In base 10, what is -5 - -74?
69
In base 9, what is 2702 - 4?
2687
In base 16, what is 2b5 + -4?
2b1
In base 10, what is -1 + 18?
17
In base 16, what is -2f2 - -10?
-2e2
In base 5, what is 10 - 2032?
-2022
In base 13, what is -2 + -359?
-35b
In base 6, what is 1 + 5044?
5045
In base 5, what is -10 - -4043?
4033
In base 3, what is 10 + 11122?
11202
In base 9, what is 2 + -51?
-48
In base 13, what is 72 - 10?
62
In base 3, what is -210200 + 0?
-210200
In base 13, what is 3b4 - -5?
3b9
In base 7, what is -2 - -13043?
13041
In base 7, what is 31 - 4?
24
In base 16, what is 71 - 4?
6d
In base 12, what is -110 - -5?
-107
In base 8, what is -423 - -2?
-421
In base 1